q.
2, 3, 13, 167
Suppose -334*h - 88*h = -17374162. List the prime factors of h.
13, 3167
Suppose 17*k - 805 = 12*k. Let g = 491 - k. List the prime factors of g.
2, 3, 5, 11
Suppose 2*v + 2*v + 60 = 0. Let y(r) = 58 - 6*r - 4 - 30. List the prime factors of y(v).
2, 3, 19
Let v(k) be the first derivative of -9*k**2/2 - 42*k + 26. List the prime factors of v(-21).
3, 7
Suppose 5*r - 7*r = -3*s + 511, 3*r + 2*s = -760. Let g = r + 521. List the prime factors of g.
3, 89
Suppose -72 = -2*v + 5*p, v - 5*p - 31 = -0*p. Suppose o + v = -0*o. List the prime factors of 3/18 + 4/((-24)/o).
7
Let j(y) = y**3 - 46*y**2 + 99*y - 60. List the prime factors of j(48).
2, 3, 5, 31
Let p be ((282/(-12))/(1/(-2)))/1. Suppose -50*y + p*y + 1563 = 0. List the prime factors of y.
521
Let r(l) = 6*l**2 + 7*l - 42. Suppose 2*p = 5 + 13. List the prime factors of r(p).
3, 13
Suppose 0 = 9*n - 5*n - 12. Let m be 5/n + 3*4/36. Suppose 3*f - 432 = -4*o - f, 0 = -m*o + f + 201. List the prime factors of o.
103
Suppose -9*o = -11*o. Suppose 6*p - 24 = -o*p. Suppose 0 = -p*h - 8*h + 720. What are the prime factors of h?
2, 3, 5
Let z = 5658 - 2029. What are the prime factors of z?
19, 191
Suppose -y - 19 = y + w, 0 = -3*y - 5*w - 18. Let k(z) = z**3 + 17*z**2 + 11*z + 19. What are the prime factors of k(y)?
2, 3, 13
Let x = 1471 + 1027. Suppose -16 = 4*m, -3*q + x = -21*m + 25*m. List the prime factors of q.
2, 419
Suppose -452437*q = -452446*q + 349812. List the prime factors of q.
2, 3, 41, 79
Let x(g) = g**3 - 31*g**2 - 87*g + 7. What are the prime factors of x(42)?
7, 2251
Let h = 390 - 601. Let g = 269 - h. List the prime factors of g.
2, 3, 5
Suppose 3*u - 10 + 1 = 0. Suppose 6 = -3*c - u*m, -2*c + m + m - 20 = 0. What are the prime factors of ((-284)/(-7))/(c/(-21))?
2, 71
Suppose -51 = -6*f + 4*f - s, -73 = -3*f + 2*s. What are the prime factors of 115*(190/f + -5)?
13, 23
Let i = -97 - -688. Let p = i - 275. List the prime factors of p.
2, 79
Let m = 10457 - 6918. What are the prime factors of m?
3539
Let h(o) = 51*o - 126. Let x = -114 + 125. List the prime factors of h(x).
3, 5, 29
Suppose 8*p - 7*p = -10*p. Suppose 4*v + 0 - 16 = p. Suppose -4*r - 2*g + 175 = -51, -3*r - v*g + 157 = 0. List the prime factors of r.
59
What are the prime factors of (9432 - 2) + (-2 + 3)*-2?
2, 2357
Let a = 12493 + -5414. List the prime factors of a.
7079
Let i(o) = 2*o**3 + 18*o**2 + 1. Let l be i(-8). Suppose -3*w = 5*v - w - l, 10 = 5*w. Suppose -900 = -30*y + v*y. What are the prime factors of y?
2, 3, 5
What are the prime factors of ((-5116)/3)/(((-3)/(-138))/((-303)/404))?
2, 23, 1279
Let v = 30 - -48. Suppose -748 = 2*o + 9*o. Let y = o + v. What are the prime factors of y?
2, 5
Let j be (4/3)/((-19)/57). Let z be (-2 + j)/(-2) - 210/(-5). Let s = z + 61. List the prime factors of s.
2, 53
Let p be ((-1)/(-5))/((-73)/(-1460)). Let b(a) = -4*a + a**2 + 6 - a + 3*a. List the prime factors of b(p).
2, 7
Let k(d) = 3209*d**2 + 93*d - 469. List the prime factors of k(5).
80221
Let w = 8 + 13. Suppose -c = 4*a - 16, -c + 6*c - a + 25 = 0. Let o = w - c. What are the prime factors of o?
5
Let d(s) be the first derivative of -13*s**2/2 - 54*s - 30. Let c be (-118)/10 + (-2)/10. List the prime factors of d(c).
2, 3, 17
Suppose -k - 35 = -8*k. Suppose 4*z = -l + 149, 0 = 5*l - 9*l - k*z + 640. What are the prime factors of l?
3, 5, 11
Suppose 0 = 3*w - 2*p - 20797, -2*w + 13866 = 13*p - 15*p. What are the prime factors of w?
29, 239
Let q(d) = 2127*d**2 + 12*d + 37. List the prime factors of q(-3).
2, 2393
Suppose -3*r + k + 5748 = 0, -2*r - 3*k = -4*r + 3839. Let f = 2892 - r. List the prime factors of f.
977
Let f be -10 + 5/2*114/95. Let g(w) = 10*w - 123. Let v(b) = -6*b + 82. Let y(j) = f*v(j) - 5*g(j). List the prime factors of y(-6).
89
Let l = 3639 - 3674. Suppose -57 = -w - 5*h, 2*w - 142 - 8 = 2*h. Let m = w + l. List the prime factors of m.
37
Let a = 567 - -4067. What are the prime factors of a?
2, 7, 331
Let v be (-48)/1*(-9)/6*2. Let s = -85 + v. What are the prime factors of s?
59
Let j = 595 - 929. List the prime factors of ((-6)/2)/(3/j*2).
167
Let y(i) = -871*i - 7 - 1 + 6 + 0 + 755*i. Let a(c) = -c**3 - 3*c**2 + c + 2. Let q be a(-3). List the prime factors of y(q).
2, 3, 19
Let d = -350 - -600. List the prime factors of d.
2, 5
Suppose -42 = -5*l - 12. Suppose 6*p - 25*p = -57. Suppose l*d - u - 561 = d, -3*u = p. What are the prime factors of d?
2, 7
Let d be (-37 + 49)*1/4. Suppose 466 = -d*h + 1195. List the prime factors of h.
3
Let p = -102 + 102. Suppose -5*c - o + 325 = -4*c, p = 4*o - 8. What are the prime factors of c?
17, 19
Suppose -5*g + 22 + 13 = 0. Let l = 688 + -685. Suppose -160 = -d + 4*y, -g = -l*d + 3*y + 455. What are the prime factors of d?
2, 19
Let p = -179 - -242. Suppose -10*a + p = -457. What are the prime factors of a?
2, 13
Let v(t) = t**3 + 7*t**2 + 5*t - 1. Let p be v(-6). Suppose -4*m - p - 7 = 0. What are the prime factors of ((-113)/(-2))/(m/18*-3)?
113
Let r(k) = 84*k**2 - 226*k - 3780. What are the prime factors of r(-18)?
2, 3, 191
Suppose 0*l = 3*l - 24290 + 6470. What are the prime factors of l?
2, 3, 5, 11
Let k be 18 - (8 - (-1 - -2)). Suppose 42*t - 7316 = k*t. What are the prime factors of t?
2, 59
Suppose -2*y - 3*d = y + 30, 5*d - 4 = y. Let v(m) = m - 2. Let i(k) = 6*k - 23. Let c(q) = -i(q) - 3*v(q). What are the prime factors of c(y)?
2, 5, 11
Let m(o) = -16*o**2 + 87*o + 37. Let g be m(-25). What are the prime factors of 3/((-7)/(g/9))?
2, 17
Suppose 7*a - h = 2*a + 4, -a - h - 4 = 0. Suppose -3 = -4*m - q - 4, a = 2*m + 5*q + 5. Suppose -56 = -8*l - m*l. List the prime factors of l.
7
Suppose 55*f - 51*f - 12 = 0. Suppose -f*j = -l + 109, -5*j - 9 = -8*j. What are the prime factors of l?
2, 59
Let i(m) = m**3 + m**2 + 4*m + 114. Let j be i(0). Let n = j + -114. What are the prime factors of 2 - (5 + n - 268)?
5, 53
Let s(w) = -6*w**3 - w**2 + w - 1. Let j be s(1). Suppose -7*u + 98 = 245. What are the prime factors of (j/(u/18))/(10/25)?
3, 5
Suppose 0 = 6*a + 4*d - 113964, 94975 = 5*a + 37*d - 32*d. List the prime factors of a.
2, 1187
Let b = -2257 - -5859. What are the prime factors of b?
2, 1801
Let b = -123 + 124. Let c be -2*(4/b + 24/(-12)). List the prime factors of (137 - -2)/(1 + 2/c).
2, 139
Let k(q) = 3*q. Let z be k(7). Let d = -23 + z. List the prime factors of ((-2)/d)/(8/88).
11
Suppose -4*z - 2*g - 14 = -36, 5*z = 5*g - 10. Suppose -67 + 505 = z*d. Suppose 0 = 9*y - 623 + d. List the prime factors of y.
53
Let n = 76884 - 33902. List the prime factors of n.
2, 21491
What are the prime factors of 196/((-98)/(-7)) + 1282?
2, 3
Suppose 0 = -3*c + 3*x + 162717, 3*c + 5*x = 6*x + 162731. List the prime factors of c.
2, 3, 9041
List the prime factors of 3 + 14741 - ((-48)/(-3) + -15).
23, 641
Let v = 53 - 17. Let q be ((-240)/v)/(4/18). Let t = q + 58. What are the prime factors of t?
2, 7
Let j be (3/(-15))/(((-2)/5)/2). Let m(s) = 9*s**3 - 2*s**2 - s + 2. Let r be m(j). What are the prime factors of ((-194)/5)/(r/(-20))?
97
Let l(f) = -f**3 + 6*f**2 + 29*f - 14. Let y be l(9). Suppose 2*b + 3*h - 4*h = 2126, 4*h = y*b - 4256. List the prime factors of b.
2, 3, 59
Let f be (-68)/85*(-10)/4. Suppose -f*b - 4*b = 6*b. Suppose b = y - 2*w - 246, -3*y - w + 717 = -0*y. What are the prime factors of y?
2, 3, 5
Let u(k) = k**2 - k + 52. Let z(m) = -5*m - 24. Let d be z(-11). Suppose 24*n = d*n. What are the prime factors of u(n)?
2, 13
Let l(n) = 2433*n**2 - 113*n - 359. What are the prime factors of l(-3)?
131, 167
Suppose 9*m - 2313 = 4*m - x, -3*m = -4*x - 1397. Let v = m + 252. What are the prime factors of v?
5, 11, 13
Let p(n) = n**2 + 25*n + 26. Let x be p(-6). List the prime factors of 11/(x/(-13800)) - 1/1.
2, 431
Let u = 7841 + -4251. Suppose -11919 = -13*x + u. List the prime factors of x.
1193
Let z(a) = 231*a + 354. Let l(n) = -229*n - 354. Let k(v) = -4*l(v) - 5*z(v). What are the prime factors of k(-8)?
2, 19, 41
Suppose 0*j = -j - 2*d - 2, 5*j = d + 1. Suppose j = -10*t + 5 - 15. List the prime factors of 10*201/18 - t/3.
2, 7
Let a be 8/2 - 3/1. Let i(d) = 16*d + 10*d + 3*d. List the prime factors of i(a).
29
Let r = -669 - -1503. What are the prime factors of r?
2, 3, 139
Let k be (-2 +